late the remainder when 28676 is divided by 9454.
314
What is the remainder when 34632836 is divided by 35?
21
Calculate the remainder when 1238409 is divided by 34400.
9
Calculate the remainder when 4968602 is divided by 101.
8
What is the remainder when 508756 is divided by 507847?
909
Calculate the remainder when 500684 is divided by 125101.
280
What is the remainder when 2343298 is divided by 86?
56
What is the remainder when 8219593 is divided by 20?
13
What is the remainder when 5848773 is divided by 1631?
7
What is the remainder when 371273 is divided by 92726?
369
Calculate the remainder when 527294 is divided by 527157.
137
What is the remainder when 96482 is divided by 9215?
4332
What is the remainder when 135696 is divided by 9753?
8907
What is the remainder when 17653226 is divided by 1470?
1466
What is the remainder when 32355 is divided by 1826?
1313
Calculate the remainder when 1338294 is divided by 431.
39
What is the remainder when 183081429 is divided by 13?
11
Calculate the remainder when 352921 is divided by 4520.
361
What is the remainder when 15390527 is divided by 1271?
1259
Calculate the remainder when 2964873 is divided by 494118.
165
What is the remainder when 110823 is divided by 22163?
8
Calculate the remainder when 40512 is divided by 40423.
89
Calculate the remainder when 33484749 is divided by 252.
249
Calculate the remainder when 103155 is divided by 1185.
60
What is the remainder when 75064 is divided by 1014?
28
Calculate the remainder when 5770013 is divided by 824287.
4
What is the remainder when 33036571 is divided by 11012190?
1
Calculate the remainder when 31038 is divided by 106.
86
Calculate the remainder when 367357 is divided by 1100.
1057
What is the remainder when 3584247 is divided by 750?
747
What is the remainder when 354505 is divided by 353938?
567
What is the remainder when 191841 is divided by 7993?
9
Calculate the remainder when 3988981 is divided by 596.
549
Calculate the remainder when 165371954 is divided by 316.
306
Calculate the remainder when 29848 is divided by 14088.
1672
What is the remainder when 117947656 is divided by 44408?
8
Calculate the remainder when 2633957 is divided by 4090.
4087
What is the remainder when 46554730 is divided by 1956?
1930
What is the remainder when 1406370 is divided by 5909?
28
Calculate the remainder when 3060850 is divided by 477.
418
Calculate the remainder when 25327013 is divided by 447.
440
Calculate the remainder when 656883 is divided by 218961.
0
Calculate the remainder when 31057759 is divided by 2.
1
Calculate the remainder when 12347882 is divided by 42.
8
What is the remainder when 28811 is divided by 2800?
811
What is the remainder when 7891598 is divided by 14?
8
What is the remainder when 18259455 is divided by 1645?
1600
Calculate the remainder when 7625530 is divided by 53.
49
What is the remainder when 21563486 is divided by 11?
10
Calculate the remainder when 1869293 is divided by 13.
10
What is the remainder when 1295289 is divided by 143920?
9
Calculate the remainder when 1485 is divided by 1376.
109
What is the remainder when 94656 is divided by 93801?
855
What is the remainder when 976847 is divided by 122072?
271
What is the remainder when 6666296 is divided by 4115?
4111
Calculate the remainder when 1164852 is divided by 1163112.
1740
Calculate the remainder when 3235829 is divided by 775.
204
What is the remainder when 18711101 is divided by 318?
299
What is the remainder when 24665 is divided by 440?
25
What is the remainder when 31263801 is divided by 31263790?
11
Calculate the remainder when 11300642 is divided by 717.
5
Calculate the remainder when 21388 is divided by 2010.
1288
Calculate the remainder when 27496788 is divided by 597756.
12
What is the remainder when 15232503 is divided by 1074?
1035
Calculate the remainder when 315998 is divided by 1043.
1012
What is the remainder when 2637241 is divided by 579?
475
What is the remainder when 9151 is divided by 5157?
3994
Calculate the remainder when 36868596 is divided by 59.
27
Calculate the remainder when 642145 is divided by 522.
85
Calculate the remainder when 81589 is divided by 13594.
25
What is the remainder when 200829 is divided by 40156?
49
What is the remainder when 119779 is divided by 59624?
531
Calculate the remainder when 1155228 is divided by 57.
9
What is the remainder when 14226121 is divided by 1276?
1273
Calculate the remainder when 7754327 is divided by 78326.
53
Calculate the remainder when 5253512 is divided by 185.
67
Calculate the remainder when 262713 is divided by 29188.
21
What is the remainder when 123622 is divided by 333?
79
What is the remainder when 882597 is divided by 14?
9
Calculate the remainder when 231929050 is divided by 4478.
4474
Calculate the remainder when 368314 is divided by 760.
474
What is the remainder when 102338 is divided by 1883?
656
What is the remainder when 7428066 is divided by 112?
2
Calculate the remainder when 5439835 is divided by 92.
59
Calculate the remainder when 7186418 is divided by 179659.
58
Calculate the remainder when 9772 is divided by 271.
16
What is the remainder when 588728 is divided by 52?
36
What is the remainder when 2306517 is divided by 4?
1
What is the remainder when 355748 is divided by 312?
68
What is the remainder when 5415348 is divided by 1980?
48
Calculate the remainder when 42711742 is divided by 248324.
14
Calculate the remainder when 105078262 is divided by 4203130.
12
What is the remainder when 120799 is divided by 1863?
1567
Calculate the remainder when 18203795 is divided by 1820377.
25
Calculate the remainder when 48243 is divided by 15972.
327
Calculate the remainder when 56315121 is divided by 44.
5
Calculate the remainder when 2279908 is divided by 1050.
358
Calculate the remainder when 29624 is divided by 13003.
3618
What is the remainder when 233600 is divided by 396?
356
What is the remainder when 6777221 is divided by 2275?
2271
What is the remainder when 252148 is divided by 5878?
5272
Calculate the remainder when 13307976 is divided by 28.
24
What is the remainder when 2542454 is divided by 4324?
4266
Calculate the remainder when 42731 is divided by 901.
384
Calculate the remainder when 110044489 is divided by 30.
19
What is the remainder when 36977131 is divided by 4108567?
28
Calculate the remainder when 3724438 is divided by 3439.
1
Calculate the remainder when 289154 is divided by 289019.
135
Calculate the remainder when 1071692 is divided by 76.
16
Calculate the remainder when 306145 is divided by 3643.
133
What is the remainder when 847705 is divided by 1558?
153
What is the remainder when 26527899 is divided by 81?
75
Calculate the remainder when 118673 is divided by 59303.
67
What is the remainder when 134240 is divided by 84?
8
What is the remainder when 13720 is divided by 12285?
1435
What is the remainder when 14282595 is divided by 9953?
40
Calculate the remainder when 82025 is divided by 1038.
23
What is the remainder when 178609442 is divided by 8930472?
2
Calculate the remainder when 68404807 is divided by 570040.
7
Calculate the remainder when 81135 is divided by 1473.
120
What is the remainder when 1230749 is divided by 162?
35
Calculate the remainder when 17898670 is divided by 24.
22
Calculate the remainder when 2878112 is divided by 459.
182
Calculate the remainder when 38740 is divided by 1347.
1024
What is the remainder when 77349 is divided by 1059?
42
Calculate the remainder when 86678 is divided by 38911.
8856
What is the remainder when 2165486 is divided by 154676?
22
What is the remainder when 6478195 is divided by 426?
13
What is the remainder when 461866 is divided by 153916?
118
What is the remainder when 2113787 is divided by 117431?
29
Calculate the remainder when 240547 is divided by 30038.
243
Calculate the remainder when 15362115 is divided by 172608.
3
What is the remainder when 35720513 is divided by 259?
10
What is the remainder when 670649 is divided by 2550?
2549
What is the remainder when 153935064 is divided by 9988?
8
What is the remainder when 15255323 is divided by 27?
26
What is the remainder when 32374439 is divided by 1772?
1771
Calculate the remainder when 190406 is divided by 95102.
202
Calculate the remainder when 